True
Is 33992471 composite?
False
Is 1613831 a prime number?
True
Is 3269207 composite?
False
Is 377681 a composite number?
False
Is 1981771 a composite number?
True
Is 71762267 composite?
False
Is 2004283 a prime number?
False
Is 22838815 a prime number?
False
Is 943427 prime?
False
Is 474658367 prime?
True
Is 32689439 a composite number?
False
Is 7303003 composite?
False
Is 42807599 a composite number?
True
Is 16584017 a composite number?
True
Is 695561 a composite number?
False
Is 5273623 prime?
False
Is 13059293 prime?
False
Is 958161881 composite?
True
Is 77086661 a composite number?
True
Is 17615051 a composite number?
False
Is 2238089 a composite number?
True
Is 10461563 composite?
True
Is 3593791 a prime number?
True
Is 9003061 a composite number?
False
Is 268821071 prime?
True
Is 286051 composite?
True
Is 41664317 composite?
False
Is 48750673 a composite number?
True
Is 3403031 a composite number?
False
Is 10944937 composite?
True
Is 5583863 prime?
False
Is 2329403 a composite number?
True
Is 9062149 composite?
True
Is 2227915 prime?
False
Is 25980365 prime?
False
Is 3437273 a prime number?
False
Is 208318369 composite?
True
Is 3703247 a prime number?
False
Is 73830157 a prime number?
False
Is 16325723 composite?
True
Is 211110929 composite?
False
Is 94980709 composite?
True
Is 80169905 prime?
False
Is 223905431 composite?
True
Is 52129743 a composite number?
True
Is 54204757 composite?
True
Is 42479627 a composite number?
False
Is 257009461 composite?
False
Is 37927111 prime?
False
Is 2402671 a prime number?
False
Is 155387381 a composite number?
False
Is 27993467 a prime number?
False
Is 289184033 a prime number?
True
Is 88494169 a composite number?
False
Is 1046239253 a composite number?
False
Is 6718427 prime?
False
Is 12945227 a prime number?
False
Is 199240949 a composite number?
True
Is 10232321 a prime number?
False
Is 680815 a composite number?
True
Is 26289491 composite?
False
Is 218885003 a composite number?
False
Is 6260321 prime?
True
Is 27602063 a prime number?
False
Is 178531937 a composite number?
False
Is 143269814 composite?
True
Is 8064671 composite?
False
Is 440680219 a prime number?
False
Is 7788523 composite?
False
Is 43298974 a prime number?
False
Is 3487751 a composite number?
False
Is 26390963 a composite number?
False
Is 148970219 a composite number?
False
Is 5303677 a composite number?
True
Is 71393977 a prime number?
False
Is 75542771 a composite number?
True
Is 17458151 composite?
True
Is 3991943 a prime number?
True
Is 31999 a prime number?
False
Is 153209569 composite?
False
Is 20564357 a composite number?
True
Is 276404101 prime?
False
Is 240774431 prime?
True
Is 931375985 a composite number?
True
Is 30889999 prime?
False
Is 5124161 a composite number?
True
Is 9651001 a composite number?
False
Is 5169137 prime?
True
Is 6929009 prime?
True
Is 340481597 a prime number?
False
Is 32103247 prime?
False
Is 9695953 prime?
True
Is 668783059 prime?
False
Is 6661477 a composite number?
False
Is 138624047 a composite number?
True
Is 408413 a composite number?
False
Is 362831717 a prime number?
True
Is 1551254 a composite number?
True
Is 7185863 a prime number?
True
Is 1130777 a composite number?
False
Is 367244309 prime?
True
Is 18582073 a prime number?
True
Is 10007422 a composite number?
True
Is 68407447 a prime number?
False
Is 29695 prime?
False
Is 42698561 a prime number?
True
Is 561350669 a composite number?
True
Is 209351 prime?
False
Is 10202519 a prime number?
False
Is 499063 composite?
False
Is 982559 a composite number?
False
Is 150375809 a prime number?
True
Is 18722089 a composite number?
False
Is 2986063 composite?
False
Is 73417321 composite?
True
Is 768947 composite?
True
Is 637709 composite?
False
Is 205519 prime?
True
Is 12551977 a prime number?
False
Is 11733499 a prime number?
False
Is 1548713 prime?
False
Is 138040267 a composite number?
False
Is 162821 prime?
True
Is 10596881 composite?
True
Is 6805034 a composite number?
True
Is 42307387 a composite number?
False
Is 5741453 prime?
True
Is 779435 a composite number?
True
Is 2486297 a prime number?
False
Is 1064539 prime?
False
Is 869233 a prime number?
True
Is 16676897 a prime number?
False
Is 56881103 prime?
False
Is 755267 composite?
False
Is 1372586 composite?
True
Is 127326679 prime?
True
Is 18219583 composite?
False
Is 5033863 prime?
True
Is 379311493 a composite number?
True
Is 10049357 prime?
True
Is 245171 a prime number?
True
Is 22037581 a prime number?
True
Is 316984337 prime?
True
Is 339513151 a composite number?
False
Is 18140777 composite?
False
Is 86239297 prime?
False
Is 10261739 composite?
True
Is 124616867 prime?
True
Is 15631853 a composite number?
False
Is 7767005 a composite number?
True
Is 93679907 a composite number?
False
Is 49993633 composite?
False
Is 2038346 a composite number?
True
Is 1231013 a prime number?
False
Is 34209631 a prime number?
False
Is 1531139 prime?
False
Is 1938661 a prime number?
False
Is 10442283 prime?
False
Is 150602755 composite?
True
Is 226537523 composite?
False
Is 925828303 prime?
False
Is 15602459 composite?
False
Is 5666171 a prime number?
False
Is 3017537 composite?
True
Is 40635923 composite?
False
Is 1108139 prime?
False
Is 360369577 a composite number?
True
Is 415773157 prime?
True
Is 3961597 a prime number?
True
Is 58751923 composite?
False
Is 1074335 a composite number?
True
Is 2860057 prime?
True
Is 4002303 a prime number?
False
Is 23963573 a prime number?
True
Is 6381899 a prime number?
True
Is 92745911 a prime number?
True
Is 1443709 prime?
True
Is 179749513 a prime number?
True
Is 186637973 composite?
True
Is 63953749 a composite number?
True
Is 5681249 composite?
True
Is 7694383 a prime number?
True
Is 746353 prime?
True
Is 13833047 a composite number?
False
Is 650218301 composite?
False
Is 850879 composite?
False
Is 5009741 a prime number?
False
Is 2544416599 composite?
False
Is 97053137 a composite number?
True
Is 70479719 a prime number?
False
Is 68408453 composite?
True
Is 2009639 composite?
False
Is 64375867 prime?
False
Is 75584263 prime?
True
Is 36793447 a composite number?
False
Is 13135939 a prime number?
False
Is 15129731 a composite number?
False
Is 1887059 composite?
True
Is 54809863 composite?
True
Is 112518533 a composite number?
False
Is 22396217 prime?
False
Is 1222537 composite?
False
Is 133615289 prime?
True
Is 2820619 a composite number?
False
Is 205051487 a composite number?
False
Is 17642819 a composite number?
False
Is 22902899 prime?
True
Is 157241599 prime?
True
Is 29535697 prime?
False
Is 9386774 prime?
False
Is 20404837 composite?
False
Is 180617 prime?
True
Is 2757709 a composite number?
False
Is 8625139 a prime number?
False
Is 398396641 a composite number?
False
Is 13773479 a prime number?
True
Is 19490297 a prime number?
True
Is 2420713 a prime number?
False
Is 515027 a prime number?
False
Is 9881323 prime?
False
Is 19815007 a prime number?
False
Is 152520677 a prime number?
False
Is 246587849 a composite number?
False
Is 135612409 prime?
True
Is 9821719 composite?
False
Is 88929651 a prime number?
False
Is 530811269 composite?
False
Is 8325101 composite?
True
Is 1784158 prime?
False
Is 5657987 a prime number?
False
Is 39273419 prime?
True
Is 2573279 a prime number?
False
Is 21791321 a composite number?
True
Is 155434549 a prime number?
False
Is 7087207 prime?
True
Is 97771931 a prime number?
True
Is 272905337 composite?
False
Is 18626789 prime?
False
Is 903633 a prime number?
False
Is 144053677 a prime number?
True
Is 21966013 composite?
True
Is 19930947 composite?
True
Is 24242219 prime?
True
Is 198277 composite?
False
Is 12670106 a composite number?
True
Is 373929757 a prime number?
True
Is 1900771 prime?
False
Is 855557 prime?
False
Is 2090461 a prime number?
True
Is 84186821 prime?
True
Is 3078109 a prime number?
True
Is 227098511 composite?
False
Is 349502414 a composite number?
True
Is 160227922 prime?
False
Is 190447394 a prime number?
False
Is 1995199 a composite number?
True
Is 192021295 composite?
True
Is 196001 a composite number?
True
Is 35455919 a composite number?
True
Is 1853231 a prime number?
True
Is 15934903 a prime number?
True
Is 23401093 prime?
True
Is 349471 a prime number?
True
Is 64516471 a prime number?
True
Is 1183181